
Convert 112001010222111 (base 3) to base 15.
9c62c4
Convert 241e2 (base 15) to base 12.
567ab
Convert -1ab29 (base 13) to base 9.
-78820
Convert -3214101 (base 7) to base 4.
-1133103300
Convert -12a818 (base 12) to base 10.
-308756
Convert 210110202202 (base 3) to base 2.
1100111001011111011
-100011001111001 (base 2) to base 5
-1034131
Convert 2352134 (base 6) to base 11.
84963
Convert -28605 (base 11) to base 8.
-117325
Convert -1321220342 (base 5) to base 10.
-3304472
What is 11042242 (base 5) in base 7?
551360
What is 100001011022 (base 3) in base 8?
533510
What is -acabc (base 16) in base 5?
-140113020
Convert -2000112011120 (base 3) to base 10.
-1073211
Convert 2464e7 (base 15) to base 14.
3350c9
Convert -1042424 (base 5) to base 10.
-18489
What is -ba9814 (base 14) in base 9?
-12812301
What is -2448014 (base 10) in base 6?
-124245222
What is -1544353 (base 7) in base 9?
-353864
What is 60288 (base 16) in base 9?
660246
What is -2122230002 (base 4) in base 10?
-633602
-13200322 (base 4) to base 7
-155506
What is 397178 (base 15) in base 5?
1201221323
-2112102212111 (base 3) to base 4
-11020320121
43045320 (base 6) to base 8
4650660
Convert -2241422 (base 5) to base 15.
-bdc7
What is -4afa9d (base 16) in base 4?
-102233222131
Convert -31058 (base 14) to base 16.
-1cd36
-126526650 (base 7) to base 12
-28ba6b9
-367c (base 13) to base 15
-243d
Convert 23101103212 (base 4) to base 2.
1011010001010011100110
-726031 (base 8) to base 14
-639c5
What is 58948 (base 14) in base 15?
43e5a
-10010010110000111111 (base 2) to base 12
-24ba7b
What is -104430550 (base 7) in base 3?
-102212120211201
21d2a1 (base 15) to base 2
110001010000000011011
212012230032 (base 4) to base 7
150622044
Convert 53aa6 (base 13) to base 6.
3124034
-21112201232 (base 4) to base 3
-11121112220202
12220220112 (base 3) to base 15
24818
-215254450 (base 6) to base 3
-21022220122110
What is 10134140220 (base 5) in base 10?
10458810
Convert -59497b (base 13) to base 14.
-3d404d
What is -293547 (base 12) in base 5?
-134041442
Convert -134a49a (base 11) to base 4.
-20320022031
-496189 (base 10) to base 4
-1321020331
Convert -33305045 (base 6) to base 13.
-292112
What is a7877 (base 14) in base 4?
1202320301
What is -20091 (base 14) in base 9?
-126510
Convert 1521015 (base 6) to base 15.
1b2a5
Convert -22301300312 (base 4) to base 9.
-5275478
101010000110000111110110 (base 2) to base 14
1673794
Convert 1000111101011 (base 3) to base 15.
aa547
What is 17012201 (base 8) in base 6?
220220425
-6a00e6 (base 16) to base 7
-113022531
What is -2343302 (base 6) in base 9?
-206132
What is -21201112011 (base 3) in base 7?
-1202122
10313111 (base 5) to base 12
43297
What is -8a34b7 (base 12) in base 16?
-21a10b
-12321221003 (base 4) to base 15
-25aec8
What is -81501 (base 10) in base 5?
-10102001
1333313133 (base 4) to base 16
7fddf
Convert 38092a7 (base 13) to base 5.
13433033034
106096 (base 10) to base 6
2135104
What is -10101111011101011010 (base 2) in base 3?
-1100111211212
2405431 (base 6) to base 16
1eadb
-20013003013 (base 4) to base 11
-1222349
Convert -3006055 (base 9) to base 15.
-218a82
What is 1b3d520 (base 14) in base 5?
11440110103
245b302 (base 12) to base 14
d27d86
What is -3225081 (base 13) in base 11?
-86a4584
What is -200001011222 (base 3) in base 16?
-56b55
Convert 1011001101001110101010 (base 2) to base 5.
1223002040
What is 143629 (base 10) in base 2?
100011000100001101
34234402 (base 5) to base 3
120112012121
What is -236672 (base 9) in base 12?
-6a702
-383894 (base 10) to base 5
-44241034
What is 333232 (base 16) in base 4?
30303020302
61d1b (base 16) to base 14
a6031
Convert -101002102001010 (base 3) to base 7.
-63401100
Convert 141114434 (base 5) to base 2.
10110000100010101111
-7059c (base 13) to base 12
-98319
Convert -1101100000101110110 (base 2) to base 14.
-b74c6
-506744 (base 11) to base 14
-1729a8
Convert -100012122 (base 4) to base 14.
-1a066
Convert 4112113014 (base 5) to base 12.
2950a4a
What is 218a190 (base 11) in base 2?
1110101000001111001111
Convert -1101011111100100010011 (base 2) to base 14.
-6810b1
What is -a034d1 (base 15) in base 14?
-101d6c3
Convert -49c9b (base 16) to base 12.
-126aa3
Convert 31343523 (base 6) to base 9.
1645236
Convert 1017821 (base 9) to base 8.
2046034
10032320331 (base 4) to base 10
1109565
Convert 12475a2 (base 12) to base 11.
2025399
22550532 (base 7) to base 3
10201112020220
Convert -5750 (base 13) to base 14.
-465b
What is -84031 (base 11) in base 2?
-11101111001110110
Convert -1534312 (base 6) to base 7.
-524366
What is 1000001001010000000 (base 2) in base 5?
32020010
Convert -3a5499 (base 12) to base 7.
-11121063
What is 12111212021 (base 3) in base 6?
2154224
Convert -39550 (base 11) to base 8.
-156362
What is 6f74e (base 16) in base 15?
90401
429262b (base 12) to base 6
1130432055
-1627255 (base 9) to base 10
-904172
Convert 4d146d (base 14) to base 6.
132520321
Convert -1112111201 (base 3) to base 13.
-10a08
20454313 (base 6) to base 10
598437
What is -326eda (base 15) in base 6?
-123300524
Convert -41264 (base 15) to base 6.
-4231351
74a510 (base 14) to base 2
1111000011100101110010
What is -71024 (base 11) in base 8?
-312644
Convert 11001110100001101 (base 2) to base 4.
121310031
Convert 42986 (base 10) to base 15.
cb0b
166649 (base 10) to base 7
1262600
What is -1041016 (base 9) in base 16?
-8855d
Convert 7645161 (base 8) to base 11.
1180779
10a649 (base 11) to base 12
85430
Convert 25a17a (base 11) to base 15.
81200
Convert 13114615 (base 8) to base 6.
142351525
11000111011111101100 (base 2) to base 15
1121a7
Convert 1b261 (base 13) to base 3.
2200220100
1280548 (base 9) to base 7
5654015
What is 21c836 (base 16) in base 2?
1000011100100000110110
Convert -1221123100 (base 4) to base 12.
-189a94
Convert -1a577a5 (base 12) to base 2.
-10101010101000010101101
Convert 3002013022 (base 5) to base 2.
10110011110011000110101
Convert 28178 (base 14) to base 6.
2042422
682460 (base 12) to base 10
1662984
Convert 1ebfa (base 16) to base 7.
1033122
Convert 10102210011001 (base 3) to base 12.
740a3a
-222011022 (base 4) to base 3
-22202102210
-80336 (base 10) to base 6
-1415532
Convert -21a0039 (base 11) to base 4.
-32230012001
What is -5404021 (base 7) in base 9?
-1211034
What is -10100101001110001111 (base 2) in base 6?
-22301035
Convert -1446856 (base 9) to base 14.
-16b242
Convert 112001021111 (base 3) to base 14.
72a97
-44990 (base 11) to base 2
-1111111000110100
What is -1397d (base 14) in base 8?
-136613
321a427 (base 11) to base 8
25470741
Convert -10100010011001100 (base 2) to base 15.
-19983
What is 14a542 (base 13) in base 2?
1111100000111110110
What is 50200026 (base 8) in base 6?
1014052410
What is 142484 (base 9) in base 10?
87151
-47447150 (base 8) to base 10
-10374760
What is -310211 (base 9) in base 12?
-8a4b4
97b38 (base 15) to base 14
c780a
2c294 (base 13) to base 12
406b5
-12210024 (base 5) to base 3
-12220111002
Convert 322302300 (base 4) to base 3.
110020100010
Convert -15613316 (base 7) to base 11.
-946182
21211010221 (base 3) to base 8
454505
-14105124 (base 6) to base 12
-1ab1a4
768b1 (base 12) to base 16
26485
Convert 10011022011 (base 3) to base 16.
f2e9
Convert 11173ac (base 13) to base 7.
62363546
330120131 (base 5) to base 14
28a13c
Convert -432240 (base 8) to base 6.
-3033104
What is 51213002 (base 7) in base 9?
8031572
Convert 2b9139 (base 13) to base 5.
233423442
What is -431334022 (base 5) in base 9?
-3380367
219428 (base 14) to base 9
2126180
What is 2400024 (base 7) in base 4?
1021313100
1031053 (base 6) to base 12
25489
-100011111010000011 (base 2) to base 16
-23e83
What is -1579b (base 13) in base 14?
-10c65
What is -658986 (base 13) in base 4?
-21013130022
Convert -5118 (base 15) to base 11.
-11957
Convert -507a07 (base 16) to base 13.
-11287a6
8a122 (base 13) to base 12
10107b
Convert -3401c9 (base 13) to base 7.
-13304336
6202614 (base 7) to base 8
2646223
-4c7073 (base 13) to base 2
-111000010000010110001
1122211011 (base 3) to base 13
11b45
Convert 4534545 (base 8) to base 4.
10223211211
4910a1 (base 12) to base 8
4410071
Convert -244202323 (base 5) to base 11.
-724726
What is 1142222011 (base 6) in base 8?
61431027
Convert 654730 (base 12) to base 8.
6076024
Convert -1000111011